te the highest common divisor of h and d.
6
Let l(z) = 36*z**3 + z**2 - 2*z. Let q be l(2). Suppose -t + 5*h = -18 - 24, 164 = 5*t - 2*h. What is the highest common divisor of q and t?
32
Let q be (-289)/(-17) - -2 - -29. Suppose 0 = -2*h + 4*h. Let i be 12 + (0 + h)/2. What is the greatest common divisor of q and i?
12
Suppose -n + 5*m = -0*n - 585, -2*m = -5*n + 2902. Suppose -5053 = -408*z + 3107. What is the greatest common divisor of n and z?
20
Let b(s) = -19*s**2 + 173*s + 17. Let g be b(9). Suppose 0 = -3*c - 12*c + 600. Calculate the greatest common factor of c and g.
5
Let c(x) = -3*x**3 - x**2 + 123*x + 571. Let z be c(-5). Calculate the greatest common factor of 222 and z.
6
Suppose 5*r - 5*a + 5 = 0, 3*a = -r + a + 8. Let j be r + -1 - (-7)/((-21)/(-192)). What is the highest common divisor of 39 and j?
13
Let v be ((-292)/6 + -9*(-22)/(-198))*-123. Calculate the highest common divisor of v and 123.
41
Let z(x) = 13*x**2 + 8*x - 5. Let w be z(5). Let i = 175 - 172. Let o be (i - (-273)/49)/(3/14). What is the highest common divisor of w and o?
40
Suppose -23*w = -26*w + 3042. Suppose 3*u + w = 3*m, 2*u + 8 = -2*u. Calculate the greatest common factor of m and 48.
48
Let b(w) = 2*w**3 + 20*w**2 - 1. Let t be b(-10). Let y(s) = -s + 21. Let v be y(t). Calculate the greatest common divisor of 253 and v.
11
Let c = -78 + 80. Suppose -7*j + c*j + 400 = 0. Suppose 0*t - 52 = -2*t + 2*k, 3*t - j = 5*k. Calculate the greatest common divisor of 275 and t.
25
Suppose 58 = 2*p + 4*t, -2*t - 7 = p - 6*t. What is the greatest common factor of 21403 and p?
17
Suppose 5*j - 5 = 0, -220*x + 3*j - 3523 = -224*x. What is the highest common divisor of 10780 and x?
220
Suppose 4*y + 5 = 13. Suppose y*x - 28 = 9*x. Let v be x/((-52)/165 - (-2)/11). Calculate the greatest common divisor of 20 and v.
10
Let k(h) = 23*h**3 + 2*h**2 - 2*h + 1. Let a be k(1). Suppose 0 = -2*g + q + 437, 0 = -621*q + 626*q + 25. What is the highest common factor of g and a?
24
Let f = 14378 - 14223. What is the highest common factor of 3565 and f?
155
Let s(j) = 292*j + 6 + 147 - 300*j. Let n be s(18). Calculate the greatest common divisor of 69 and n.
3
Let t be 2/(-4) + 1 - (-12)/8. Suppose -t*a + 0*v + 1680 = -3*v, -4*a + v = -3360. Suppose -10*b + a = -4*b. What is the highest common divisor of 28 and b?
28
Suppose r - 4*q = -23, 5*q - 21 - 11 = r. What is the greatest common divisor of r and 14183?
13
Let h(o) = -109*o - 1. Let t be h(-4). Let j = 2164 + -2149. Calculate the greatest common divisor of j and t.
15
Let a(u) = -u**3 + 4*u**2 + 25*u - 75. Let f be a(6). Suppose -m + 15 = 4*m. Let s(j) = 3*j - 6. Let x be s(m). What is the greatest common factor of x and f?
3
Let i be 12/72 + (-110570)/(-60). What is the greatest common divisor of i and 38?
19
Suppose -524 = a - 4*a + 4*s, 3*s - 3 = 0. Let g = 345 - a. What is the greatest common factor of 13 and g?
13
Suppose -2997 = -7*r + 2043. Calculate the greatest common divisor of r and 576.
144
Let d = -19245 - -23945. What is the highest common factor of d and 400?
100
Let j(n) = -2*n**3 - 8*n**2 + n + 6. Let q be j(-4). Suppose f + g - 48 = 0, 4*f - 2*f = -g + 96. Calculate the highest common factor of f and q.
2
Let g = 65 - 59. Suppose -g*d = -12*d + 630. Suppose 2*o = 10, -4*o - o + d = 4*r. Calculate the greatest common factor of 4 and r.
4
Let w(v) be the second derivative of v**5/20 - v**4/12 + 5*v**3/6 - 29*v**2/2 + 156*v. Let c be w(7). Calculate the highest common divisor of 10 and c.
10
Let l(q) = q**3 + 6*q**2 - 10*q - 16. Let n be l(-7). Suppose n*b + 3*j - 206 = 0, 5*b = -0*j + j + 198. What is the highest common divisor of 440 and b?
40
Suppose 4 = g - 12. Let c(n) = -36*n + 140. Let b be c(4). Let u be 8/3*((-11)/(-2) + b). Calculate the greatest common factor of g and u.
4
Let m = -7 + 51. Suppose 0 = 5*a - 16 - m. Suppose -3*w + 18 = -a. What is the highest common factor of w and 80?
10
Let t be (-2)/(-2 + 9/(81/12)). Suppose 3*k + 8 = -1, t*z = k + 1053. What is the greatest common divisor of 7 and z?
7
Let m = 88 - 73. Let a = -7 - -11. Let f = a + -1. What is the highest common factor of m and f?
3
Suppose 2023 = -2*l + 6*l - s, -4*l - 3*s = -2027. Let p be ((-6)/(-15))/(384/120) + 1340/32 + 2. What is the highest common divisor of p and l?
22
Suppose -41840 = -2*d - 733*s + 728*s, 0 = -2*d + s + 41852. Calculate the greatest common divisor of d and 558.
279
Let f(l) = -2*l**2 - 134*l - 589. Let z be f(-61). What is the greatest common divisor of z and 221?
13
Let j(k) = k**3 + 19*k**2 + 79*k + 15. Let x be j(-13). Let y be ((-88)/(-6))/((-2)/(-3)). Calculate the greatest common factor of y and x.
2
Let l = -2543 + 2570. Calculate the highest common divisor of l and 423.
9
Let c be -9 + 20 + 67 - 0. Calculate the greatest common factor of 102 and c.
6
Suppose 16 = 7*r - 5*r. Let m(a) = -48*a**3 - 1 + a - 7*a + 5*a. Let d be m(-1). Calculate the highest common divisor of d and r.
8
Let a(l) = 20*l**2 - 24*l + 4. Let f be a(-3). Calculate the highest common divisor of f and 4.
4
Let h = 28 - -2. Let m(v) = 3*v + 9. Let i be m(9). Let a = i - h. What is the highest common divisor of 2 and a?
2
Let c(l) = -l**3 + 26*l**2 + 48*l - 10. Let m be c(-2). Calculate the greatest common divisor of 2298 and m.
6
Let k = -88260 - -88455. Let y(p) = 78*p**3 - p**2 + 2*p - 1. Let s be y(1). Calculate the greatest common factor of s and k.
39
Let j(q) = -10*q. Let a be j(-2). Let w = 800 - 660. Calculate the greatest common factor of w and a.
20
Suppose 432 = -102*c + 108*c. Let b be (-8)/36 - 206*(-20)/c. Calculate the highest common factor of b and 76.
19
Let h = -241 - -255. Suppose 990 = h*p - 900. Calculate the highest common factor of 108 and p.
27
Suppose 14*n - 37 = 13*n - q, 2*n = -5*q + 47. Calculate the highest common divisor of 828 and n.
46
Suppose -2*y + 12 = -4*u, 4*y - 4*u = 25 - 5. Suppose 4*t = 13*s - 10*s + 63, -41 = -3*t - y*s. Calculate the highest common factor of 645 and t.
15
Let b = -436 + 440. Let w be (-2)/b*-6*(10 - 9). Suppose 4*x + 5*d = 4, 5*d + 3 = 2*x + x. Calculate the greatest common factor of w and x.
1
Let a be (20/8 - 2)/(3/1470). What is the highest common divisor of 140 and a?
35
Let x = 8577 - 7357. What is the greatest common divisor of 100 and x?
20
Let k = 79319 + -48424. What is the highest common divisor of k and 185?
185
Suppose 3*p = 11 - 2. Suppose b - 24 = -3*m, 8*b + 2*m - 120 = p*b. What is the greatest common divisor of 30 and b?
6
Let k = -44 - -46. Suppose k*o = -5*m - 0*o + 722, -2*o - 286 = -2*m. Suppose 5*i + 57 = 147. Calculate the greatest common divisor of i and m.
18
Let b = -41841 + 42017. Let n be (11 + -1)*(-44)/(-10). Calculate the highest common factor of b and n.
44
Let s be (-1944)/243 - -4*1*122. What is the highest common divisor of s and 1824?
96
Suppose 0*l + 84 = 5*w + 4*l, 0 = -3*l + 3. Suppose 0 = -5*k - 2*q + 3760, -2*k + 2517 - 1013 = 5*q. Calculate the greatest common divisor of w and k.
16
Let f = -108 + 122. Suppose -43*g + f = -42*g. Let q = -213 + 395. What is the greatest common factor of g and q?
14
Let s = -1029 + 1184. Let c(b) = -b**2 - 8*b + 5. Let u be c(-8). What is the highest common factor of u and s?
5
Let b be (-1)/(1/(-43)) - -1. Let q = -16283 - -16327. What is the greatest common factor of b and q?
44
Suppose -3*f = -2*p + 4602 + 10122, f - 29462 = -4*p. Calculate the greatest common factor of 60 and p.
15
Let a be (-8)/(-1 - -3) + 19. Let i(s) = 4*s + 11. Let f be i(-3). Let v be (-181)/(-4) + f/4. What is the greatest common factor of v and a?
15
Let f(l) = -7*l**2 + 30*l**2 + 60*l + l**3 - 50 + 0*l**2 - 87*l. Let s be f(-24). What is the greatest common factor of 88 and s?
22
Suppose 300*o - 18128 + 6728 = 0. Calculate the highest common divisor of o and 50198.
38
Let j = -28380 + 29620. What is the highest common divisor of j and 56?
8
Let f = -3505 - -3538. Calculate the greatest common factor of 3102 and f.
33
Let v be (-10)/(-7) - (-11752320)/2240. Calculate the highest common divisor of 384 and v.
128
Let d(k) = k**2 - 37*k - 77. Let a be d(-55). Calculate the greatest common factor of a and 33.
33
Let d(g) = 5*g**2 - 33*g + 16. Let r be d(13). Let f = 10848 - 10824. Calculate the highest common factor